se 3*o - 5*k - 22804 = 0, -15201 = 4*o - 6*o + 5*k. Is o composite?
False
Let n(k) be the third derivative of -55*k**4/24 + 17*k**3/6 + k**2. Is n(-6) a prime number?
True
Let p be -3 + 0 + (-4 - -7). Suppose -6*y = -p*y - 1758. Is y a prime number?
True
Is (-39)/(-3)*(3/(-1) + 160) prime?
False
Let w(s) be the second derivative of s**5/10 - 11*s**4/12 + s**3/6 + 3*s**2 + 5*s. Let j be w(9). Let k = 1213 - j. Is k a composite number?
False
Suppose 0 = 3*z + 4*h - 9761, -5*z - 5*h = -6*h - 16253. Is z composite?
False
Suppose -3*y - 2*y + 189 = -4*t, -34 = -y - 3*t. Let i = y + -39. Is (4/8)/(i/(-652)) a composite number?
False
Let g(o) = -3*o**3 - o**2 + 4*o. Let m be g(-2). Suppose -m*a + 20*a - 280 = 0. Is a a composite number?
True
Let l be (-9)/(-12) - (-8010)/(-24). Let r = l + 1102. Is r prime?
True
Let z(p) = -p**3 - 16*p**2 - p - 16. Let j be z(-16). Suppose j*o + 1061 = o. Is o a composite number?
False
Let p be (-138)/24 + 3/4. Let t(h) = -34*h + 8. Let w be t(p). Suppose 0 = 3*m - w + 37. Is m composite?
False
Suppose 0*s = -2*s - 5*f + 15, -s = -5*f + 30. Let w be 42/s + 33/(-55). Is (-3084)/8*6/w a composite number?
False
Suppose -11*x + 1435 = -11666. Is x a composite number?
True
Let a = 10 - 13. Let t be 0/(3/(-6 - a)). Suppose t = -2*m + m + 37. Is m a composite number?
False
Suppose 3*s - 8635 = -4*q, q = -5*s + 826 + 1320. Is q a prime number?
True
Let z(o) = -3*o**3 - 4*o**2 + 1. Let h be z(-1). Suppose -3*d + 1156 + 893 = h. Is d a composite number?
False
Let v(i) = i**3 - 29*i**2 + 30*i + 41. Is v(33) a composite number?
False
Let v(q) = -7026*q + 57. Is v(-2) composite?
True
Let n(j) = -98*j + 5. Let l be n(-3). Let y = 630 - l. Is y composite?
False
Let l(c) = -133*c - 2. Let w be l(1). Let n = 230 + w. Suppose -2*s - n = -3*s + 2*r, s + 3*r - 85 = 0. Is s a prime number?
False
Let q(z) be the first derivative of -z**4/4 - 3*z**3 - 5*z**2 - 13*z + 2. Suppose 4*c - 8*c = 2*o + 16, 5*o + 5*c = -45. Is q(o) composite?
True
Suppose -2*b = -6*b - 12. Let h be 1*(0 + b) + 7. Suppose 4*f - 274 = -k, 2*f + k = h*f - 140. Is f composite?
True
Let y = -13158 + 19606. Suppose y + 7162 = 10*m. Is m a prime number?
True
Let t = -118 + 51. Let u = t - -194. Is u a composite number?
False
Let b(l) be the first derivative of -3*l**2/2 - 56*l - 19. Is b(-25) a prime number?
True
Let a(x) = -2*x**3 + 303 + 814 + x + 2*x**2 + 96. Is a(0) composite?
False
Suppose -5*x + 7 = -y + 2, 1 = -5*y + x. Suppose -4*r + 0*v + 3*v + 18416 = 0, 4*r - 4*v - 18416 = y. Is (r/6)/(28/42) a composite number?
False
Let n = -11 - -19. Let f = -178 - -175. Let s = n - f. Is s prime?
True
Let m = -131 + 101. Suppose 2*i = n + 56, -3*n - 120 = -n - 2*i. Let h = m - n. Is h a prime number?
False
Let z(t) = -t - 3. Let c be z(-8). Suppose 16 = -q + c*q. Suppose -302 = -q*v + 30. Is v a composite number?
False
Let j be (-4)/(-8)*5870/1. Is (-1)/(((-15)/j)/3) prime?
True
Let f(m) = -97*m**2 + 16*m - 8. Let j be f(-13). Is 4/(-2)*j/34 prime?
True
Let d(h) = 453*h**2 - 428*h**2 + 0*h**3 - 2*h**3 + 12 + 5*h + h**3. Is d(22) prime?
False
Let x(b) = b**2 - 3*b + 2. Let h be x(3). Suppose -3*r = 4*l + 15, -5*r + h*l + 1 = -0. Is 1284/8 - r/2 a prime number?
False
Suppose -3*k + 18 = -3*c, k - 2*k + 7 = -2*c. Is (110/(-20))/(c/94) composite?
True
Let n(z) = 48*z - 3. Suppose d = -4*p + 10, -4*d + 7*d + p - 8 = 0. Let a = 5 - d. Is n(a) composite?
True
Let z(n) be the first derivative of 321*n**2/2 + 62*n - 43. Is z(11) a prime number?
True
Let d(f) = 95*f**2 + 18*f - 23. Is d(6) a composite number?
True
Let o = 2502 + 599. Is o a prime number?
False
Let t(q) = q**2 - 10*q + 8. Let n be t(12). Let g = n + 23. Is g a prime number?
False
Let w(h) = 2166*h**2 + 3*h - 2. Let f be (-2)/4*(-6 + 4). Is w(f) composite?
True
Is (-11 + 23)/1 + 66125 a prime number?
True
Suppose 0 = -5*l + 99 - 564. Let w = 156 + l. Let g = w - 32. Is g prime?
True
Is 2 + (-11 + 4 - -30619) a prime number?
False
Let p(g) = -g**3 - 13*g**2 + 4*g + 8. Suppose -2*w + 65 = -7*w. Let j be p(w). Let o = 99 + j. Is o prime?
False
Let d be 9/2*(160/30)/8. Suppose 6*b = b. Is 1222/(d + b - 1) composite?
True
Let t(p) = -3*p - 614. Let b be t(0). Let f = 1095 - b. Is f composite?
False
Suppose -5*m + 3*m - 21408 = 0. Is 0 + ((-12)/20 - m/15) composite?
True
Suppose -10 = -5*i + 5, 4*r + 2*i = 1670. Let g = r + -79. Is g composite?
False
Let h(b) = -1360*b + 25. Let g be ((-4)/(-10))/(9/(-135)). Is h(g) a prime number?
False
Let c(d) = 328*d + 20. Let r be c(13). Suppose -15*p + r = -5811. Is p composite?
False
Is 7569 - (8 - 0/(-4)) prime?
True
Let d = -14978 - -21606. Suppose 2*r + 5*q = -2*r + 6628, 4*r = -3*q + d. Is r composite?
False
Suppose 6 = 5*i + 4*x - 45, -x = -i + 3. Let l(j) = j - 11. Let b be l(i). Is 4934/10 - b/(-10) a composite number?
True
Suppose -616 = j - 3*c - c, -3*j = 2*c + 1834. Let n = 182 - j. Is n prime?
False
Let v be 5329 + (2 - 0) + 1. Is v/6 - (-1)/3 a composite number?
True
Let l be 2/4*(-7)/(-7)*4. Suppose -5*t + l*p = -6299, -1 = 2*p + 3. Is t a composite number?
False
Suppose 14 - 98 = 4*a. Let l = -19 - a. Is (2 + l - 2) + 55 composite?
True
Let w(d) = -d**2 + 6*d + 20. Let x be w(8). Let c(m) be the first derivative of m**4/2 + m**3/3 - m**2/2 - 9*m + 9. Is c(x) prime?
True
Let j be (-2)/(3 + -1)*-83. Suppose 2*l + s - 99 = l, j = l - 3*s. Is l a composite number?
True
Let h(g) = -g**2 + 10*g + 4. Let y be h(11). Let i(p) = 199*p**2 + 6*p + 13. Let s(u) = -99*u**2 - 3*u - 6. Let z(f) = y*s(f) - 3*i(f). Is z(-2) prime?
False
Suppose 2*u + 460 = 4*u. Suppose -u = -y - 568. Let c = y - -585. Is c composite?
True
Let f(n) = 72*n**2 + 9*n + 43. Is f(-6) composite?
True
Let b(k) = 1535*k - 101. Is b(24) prime?
True
Suppose -5*n - 2*s + 767 = -s, -2*n + 5*s = -323. Let b = 125 - 86. Let d = n - b. Is d composite?
True
Let s(o) be the third derivative of -o**7/2520 - o**6/720 + 509*o**5/120 + 5*o**4/24 + 3*o**2. Let b(d) be the second derivative of s(d). Is b(0) composite?
False
Suppose 4*q + m + 0*m - 5 = 0, -4*q = -m - 3. Is 74/(-12)*q*-6 prime?
True
Suppose -12*i = -4*i - 22616. Is i composite?
True
Let m = -726 - -1627. Is m prime?
False
Let j = 33 - 26. Suppose 0 = -j*r + 3*r + 1588. Is r prime?
True
Let d = -406 - 147. Let q be (d/21)/((-2)/(-54)). Is 2/(-3*6/q) a prime number?
True
Let r be (22/44)/((-2)/(-12)). Is -3*((-415)/r - -2) a composite number?
False
Let o(t) = 76878*t + 53. Is o(1) prime?
False
Suppose 0 = -2*m - 6, 3*m = 2*b + 49 - 8. Is 18/15 - 22945/b a prime number?
True
Let n(z) = -z**2 - 5*z + 3. Let c be n(-5). Suppose -2*l - 38 = -c*l. Suppose -1 - l = -o. Is o prime?
False
Let y be (-52)/(-182) + 2/(-7). Suppose 10*k - 10719 - 6071 = y. Is k a composite number?
True
Suppose -2*b = 5*a - 96565, -b + 57925 = 3*a + 3*b. Is a prime?
False
Let z(q) = 7*q**2 + 2*q - 3*q**3 - 2*q**3 + 2*q**3 - 5*q**2. Let l be z(-1). Suppose l*c - 2*c - 149 = 0. Is c composite?
False
Let f(d) = -3311*d - 25. Is f(-6) a prime number?
True
Let j(b) = -b**3 + 24*b**2 - 23*b + 4. Let f be j(23). Is (-6)/f - (-27468)/56 prime?
False
Suppose 2*h + 105 + 31 = 0. Let r = 99 + h. Is r a prime number?
True
Let v(i) = 4*i**3 - 7*i**2 + 62*i + 10. Let z(m) = 2*m**3 - 3*m**2 + 21*m + 3. Let c(j) = 4*v(j) - 11*z(j). Suppose u - 5*u = 20. Is c(u) composite?
False
Suppose -96*r - 2536 = -100*r. Suppose -14*k + 13*k + r = 0. Is k a composite number?
True
Suppose -40*h + 7377 = -325223. Is h a composite number?
True
Let l be (-18)/12 + 11/2. Let k(t) = 353*t - 13. Is k(l) a prime number?
True
Suppose 0 = 2*d - 4*k - 2706, -4*k + 5436 = 4*d - 0*k. Is d composite?
True
Suppose -w + 1312 = 193. Is w prime?
False
Suppose -5*g + 29 = -1. Let v be 6 - g/(-2 - -5). Suppose o + 1360 = 5*k + v*o, 2*k + 4*o = 558. Is k composite?
False
Let a = -69 + 47. Let f = 20 + a. Let x(j) = -13*j**3 + j**2 - 2*j - 3. Is x(f) composite?
False
Let x = -33 + 35. Suppose -4*t - c + 172 = 3*c, 0 = -x*t + 3*c + 66. Is t composite?
True
Let k = 3180 - -4813. Is k prime?
True
Suppose 0*z + 19612 = 4*z - 5*a, -a + 4903 = z. Is z prime?
True
Let s(w) = w**2 + 9*w + 2. Let r be s(-7). Let j = r - -17. Suppose -4*z - 22 = -2*f, -f = 3*f - j*z - 50. Is f prime?
False
Suppose v + y - 4*y = 7597, 2*y - 22813 = -3*v. Is v a pri